 Let r = -9 + 18. What is the greatest common factor of a and r?
9
Let v(z) = -z**2 + 6*z + 5. Let p be v(6). Let r(c) = 5*c - 6. Let i be r(p). Suppose 214 = f + 5. Calculate the highest common divisor of i and f.
19
Suppose 3*b - 4 = b. Suppose -y - 26 = -b*y. Let i(g) = -g**2 + 20*g - 57. Let j be i(12). Calculate the greatest common factor of y and j.
13
Suppose -5*q + 225 = -0. Calculate the highest common divisor of q and 9.
9
Suppose s - 12 = -2*s. Let b = 29 + s. Suppose 3*n - 66 = 2*p, 5*n + 2*p - 5 = 105. Calculate the highest common divisor of n and b.
11
Let k be 27 + 0*(-3)/6. Suppose i - 28 = k. What is the greatest common factor of 5 and i?
5
Let b(h) = 6*h**2 - 3*h + 1. Let s be b(4). What is the greatest common divisor of 17 and s?
17
Suppose 41 = 11*o - 124. Calculate the highest common divisor of 165 and o.
15
Suppose -q + 0*q = -r - 33, q - 4*r - 36 = 0. Calculate the highest common factor of q and 8.
8
Let o(j) be the third derivative of -j**4/6 + 4*j**3/3 - 4*j**2. Let x be o(-8). Calculate the greatest common factor of 100 and x.
20
Suppose 0 = -2*s + 4*c + 200, -12*s = -9*s + 2*c - 260. What is the greatest common factor of s and 10?
10
Let j(b) = -b**2 - 14*b + 4. Let u be j(-14). Suppose -161 = -5*t + u*t. Calculate the highest common divisor of 23 and t.
23
Suppose -2*j = 2*s - 26, 0*j - 25 = -3*j + 4*s. Let f(g) = g**2 + g - 61. Let z be f(0). Let b = z + 105. What is the highest common factor of b and j?
11
Let y be (-2)/8 + (-150)/(-24). Let c = 14 + y. What is the greatest common factor of 80 and c?
20
Suppose 0 = -2*r - 5*q - 5, -5*r + 0*q = 2*q - 19. Calculate the greatest common divisor of r and 45.
5
Let p be (-22)/(-5)*1*(23 - -2). Calculate the greatest common factor of 10 and p.
10
Let b(u) = u + 11. Let j be b(-7). Let o(r) = -r + 7. Let i be o(j). What is the greatest common factor of 21 and i?
3
Suppose -9*n + 20 = -7*n. Let q(p) be the second derivative of -3*p**3 - 2*p. Let j be q(-5). What is the greatest common factor of j and n?
10
Let x(r) = r**3 - 6*r**2 - 1. Let b be x(6). Let g = b + 5. What is the highest common divisor of 4 and g?
4
Let x(u) = 3*u**2 - 3*u + 1. Let v(w) = -8*w**2 + 10*w - 2. Let j(d) = 4*v(d) + 11*x(d). Let b be j(-7). What is the highest common divisor of 9 and b?
3
Suppose -2*y - 4*q = -532, 3*y = -0*y - q + 793. Suppose 4*m - 136 = -5*w, 35 = -3*w - 5*m + 127. What is the greatest common divisor of y and w?
24
Let d(h) = 6*h - 1. Suppose -14 = -4*f - 2*a, 4*f - 6*a = -2*a - 16. Let u be d(f). Let m be (u - 4) + 5*1. What is the highest common factor of 12 and m?
6
Suppose -4*t + 2*z + 10 = -16, -z + 23 = 4*t. Let r = 142 + -130. What is the highest common factor of r and t?
6
Let p = -3 - -1. Let n be (3 + p)*11 + -2. Let a = -14 - -23. Calculate the highest common divisor of n and a.
9
Let u be (-134)/(-26) - (-2)/(-13). Suppose l + w + 5 = 0, u*l + 4*w = -5 - 17. Let t be 8*4 - (-2 - l). Calculate the highest common divisor of t and 48.
16
Let q = -115 - -33. Let w be q/(-5) + 2/(-5). Let j = -2 + w. Calculate the highest common divisor of j and 112.
14
Let c = 10 - -2. Let n be (-1)/((-4)/(-1008)*-3). Calculate the highest common factor of c and n.
12
Suppose 7*n = 5*n + 30. Calculate the highest common factor of n and 15.
15
Let x = -75 + 115. Suppose 14 = 2*f + n, -4*n = f - 3 - 4. Suppose f*w = 3*w + x. Calculate the highest common factor of 10 and w.
10
Suppose -8 - 5 = r. Let m = r - -19. Calculate the greatest common divisor of 6 and m.
6
Let i = -33 + 55. Suppose -5*g + 91 = 3*u - 0*u, 2*g + 34 = 2*u. Calculate the greatest common factor of u and i.
22
Let n = -2 + 4. Suppose -30 = n*o + b, -3*o - 5*b = 2*o + 65. Let q = o + 28. Calculate the highest common divisor of 88 and q.
11
Let o(h) = 14*h - 53. Let x be o(6). Calculate the greatest common divisor of 124 and x.
31
Let i(l) be the first derivative of 11*l**3/3 - l + 1. Let g be i(-1). Calculate the highest common factor of g and 4.
2
Suppose -4*u + 2*u = s + 3, -2*u - 5 = -s. Let c(q) = -20*q - 1. Let p be c(u). What is the greatest common divisor of p and 13?
13
Suppose -24 - 26 = -5*h. Let c be (3/(-1))/(1/(-1)). Suppose -c*b = -112 - 8. What is the greatest common factor of b and h?
10
Let w be 4 - -1*(2 + 0). Let h = w + -3. Suppose -4 = -h*u + 17. Calculate the greatest common divisor of u and 21.
7
Let j = -12 - -15. Suppose 4*l + 144 = 5*q, 3*q + 4*l - 83 = j*l. What is the greatest common divisor of q and 28?
28
Suppose 0 = j - 10 - 2. Let w be ((-1)/3)/((-22)/330). Suppose -w*k = 3*f - 0*k - 170, 3*f - 2*k - 184 = 0. Calculate the highest common divisor of j and f.
12
Suppose -3*m - 2*h = -57, -h + 117 = 5*m - 5*h. Suppose 2*v - 15 = -3*v. Calculate the highest common factor of v and m.
3
Let l be 17 + -1 + (-3 - -2). Let a = 21 - l. Calculate the highest common factor of a and 54.
6
Let j(z) be the third derivative of 1/60*z**5 - 1/8*z**4 - 1/3*z**3 + 0*z + 0 + z**2. Let b be j(5). Calculate the highest common divisor of 20 and b.
4
Let c(j) be the second derivative of j**5/20 + j**4/6 + j**2 - j. Let s be (-16)/(-9) + 18/81. Let k be c(s). Calculate the highest common factor of k and 12.
6
Let y(j) = -21*j**3 - 1. Let p be y(-1). Suppose -4 = -n - 0. Suppose -n*g + 113 + 87 = 0. What is the highest common factor of g and p?
10
Let i be 42 - 1*(2 + 2). Let b = -3 + i. What is the highest common divisor of 245 and b?
35
Let d = 9 + -4. Suppose 11 = 3*a + a - s, -d*a + 4*s = 0. Let z be (6 - 2) + a/2. What is the greatest common divisor of 4 and z?
2
Suppose -3*r + 437 = 4*z, 2*r + 11 = 5*z - 541. What is the greatest common factor of z and 44?
22
Let t be ((-34)/(-8))/(1/4). What is the highest common factor of 51 and t?
17
Let b = 30 - 18. Calculate the greatest common divisor of b and 96.
12
Let x(a) be the second derivative of a**3/6 + 7*a**2 - 7*a. Let c be x(0). Calculate the highest common divisor of 112 and c.
14
Let t(b) = b**2 + 6*b + 14. Let j be t(-10). What is the greatest common factor of j and 6?
6
Let r(y) = -3*y**3 - 3*y**2 - 4*y - 6. Let c be r(-3). Suppose 0 = 5*g - 19 - 101. Calculate the highest common divisor of g and c.
12
Let r(u) = 9*u - 24. Let p be r(4). Calculate the highest common factor of p and 16.
4
Let x(i) = i**2 + 9*i + 10. Let w be x(-10). Calculate the highest common divisor of 10 and w.
10
Let w(b) = b. Let x be ((-4)/8)/(1/(-12)). Let p be w(x). Suppose 0 = h - 4*h - 9, 9 = 3*q - h. Calculate the highest common divisor of q and p.
2
Let l be (8/(-10))/(1/10). Let k(t) = -t**3 - 9*t**2 - 11*t - 9. Let q be k(l). What is the highest common factor of q and 120?
15
Suppose 4*w - 32 = -4*j, j - 3 = -0*j - 2*w. Calculate the greatest common factor of j and 91.
13
Let r be 12/(-14)*(5 - 1 - 39). What is the greatest common factor of r and 12?
6
Suppose 4*h - 2*f = 82, -h = h - 4*f - 50. Calculate the greatest common divisor of h and 95.
19
Suppose 0 = -2*r + 23 + 73. What is the highest common divisor of 6 and r?
6
Suppose 4*m = -4*z + 72, -4*z - z = -5*m + 140. Suppose -3*i + p - 5*p + 471 = 0, -4*i - 3*p + 635 = 0. Calculate the highest common divisor of i and m.
23
Let r be (-94)/(-4) + 1/2. Suppose -j = -4*a + 3 + 15, 3*a - 11 = 2*j. Suppose a*d - 4 - 56 = 0. What is the greatest common factor of d and r?
12
Suppose 0 = 2*i + 90 - 330. What is the highest common factor of i and 60?
60
Suppose -10 = -2*j - 0. Suppose p + 7 = j*d, 3*p + 2*p - 13 = d. Let c be (2/1 - p)*-19. What is the greatest common factor of c and 38?
19
Suppose 121*a + 133 = 140*a. Suppose 2*o - 118 = -2*b, 5*o - b - 43 - 276 = 0. Calculate the highest common divisor of a and o.
7
Let y(t) = -t**3 - 7*t**2 - t - 3. Let q be y(-7). Suppose -48 = -c + s - 0, -c = q*s - 28. What is the greatest common divisor of 11 and c?
11
Let i = -13 - -64. Suppose 0 = x + 8 - 25. Calculate the greatest common factor of x and i.
17
Let r be 17/3 - (-4)/(-6). Suppose 15 = 2*v + r*k, 0*v = 3*v + 2*k - 28. Calculate the highest common factor of v and 80.
10
Let f(r) = r**3 - r**2 + r + 30. Let m = -18 + 18. Let o be f(m). Let l(b) = -b**2 - 7*b. Let k be l(-5). Calculate the greatest common factor of k and o.
10
Let s = 13 + 92. Calculate the greatest common factor of s and 70.
35
Let h(n) = 4*n**3 + 2*n**2 - 